4)/12 - 220/(-12)?
1
Let y(b) = -2*b - 5. Let v = 9 + -13. Let k be y(v). Let t = 5 - k. What is the units digit of t?
2
Let i(p) = 2*p**2 - 5*p + 2. What is the tens digit of i(6)?
4
Let m be 35*(-3 + 51/15). Let q be 2/7 + 10/m. What is the units digit of q*-1 - (-9 + 1)?
7
Suppose -36*m = -32*m - 136. What is the units digit of m?
4
Suppose 4*y - 115 = -y. Let j = y + -10. What is the units digit of j?
3
Let d(t) = -t**2 - 13*t + 12. Let n be d(-13). Suppose 0 = 2*b - 5*s + 10, -6*s = -4*b - 4*s + 12. Let i = n - b. What is the units digit of i?
7
Suppose -3*y + 93 = 5*g, 3*g + 2*y = 8 + 47. What is the tens digit of g?
2
Let j(p) = 5 + 1 - 4 - 3. Let x(i) = -i**2 + 9*i - 14. Let t(b) = 6*j(b) - x(b). What is the units digit of t(9)?
8
Let p(a) = 7*a**2 - a**3 - 6*a**2 + 4*a - 3*a + 5. Let w be p(0). Let h = 8 - w. What is the units digit of h?
3
Suppose -2*o = 4*y - 48, 4*y - 47 = -3*o - 1. Let f(r) = 4*r**3 - 2*r**2 - 2*r + 2. Let m be f(2). Let a = m - y. What is the units digit of a?
9
Suppose -3*w - 50 = -182. Suppose -5*y = 5*u - 26 + 6, 0 = 5*y - u - w. What is the units digit of y?
8
Let t be -2*4*(4 - 12). Let d = 92 - t. What is the units digit of d?
8
Suppose -q - 4*q + 5 = 0, 5*l + 4*q - 29 = 0. Suppose -10 = l*k - 30. Suppose -4*t = 4, 3*m + k = 4*m - t. What is the units digit of m?
3
Suppose 0 = 4*n - 2*q - 104, 68 - 3 = 3*n + 5*q. What is the tens digit of n?
2
What is the units digit of (333/36)/(1/4)?
7
Let j = -6 - -18. Let s be (-4)/(-3)*30/4. What is the units digit of j/10*s/3?
4
Let q(p) = -p**2 + 13*p - 7. Let y be q(12). What is the units digit of 122/y + 8/(-20)?
4
Suppose f = -2*f + 6. Let a = 11 - 7. Suppose f*w - a = w. What is the units digit of w?
4
Let u = 129 + -91. What is the tens digit of u?
3
What is the tens digit of ((-10)/4)/(14/(-252))?
4
Let j(d) = 69*d. Let c be j(1). Suppose 9 = -5*u + c. What is the tens digit of u?
1
What is the tens digit of 1766/8 + (117/(-36))/(-13)?
2
Let f = 4 - 4. Suppose -105 = -f*s - 3*s - 5*t, -s + 39 = 3*t. What is the units digit of s?
0
Let l = 270 - 160. What is the units digit of l?
0
Let q(h) = -3*h**3 + 3*h**2 + 4*h + 4. What is the tens digit of q(-2)?
3
Suppose -24 = 2*w + 4. Let k = -9 - w. What is the units digit of k?
5
Suppose 250 = 4*j + 70. What is the units digit of j?
5
Let q(w) = -4*w**3 - 3*w**2 - w - 2. What is the units digit of q(-2)?
0
Suppose -4*v + 142 + 34 = 0. What is the tens digit of v?
4
Suppose 7*w - 12 = 4*w. Suppose 3 = -v + w. What is the units digit of (1 - v - 4)*-3?
2
Let f be 5/(5/3)*1. Let g(x) = 4*x + 3. What is the tens digit of g(f)?
1
Suppose 0 = -3*h + 7*h - 68. What is the tens digit of h?
1
Let j be ((-5)/3)/(5/(-15)). Suppose -2*h + j*h - 6 = 0. Let y = h - -15. What is the units digit of y?
7
Let l(w) = w - 2. Let v(i) be the first derivative of -i**2 - 3*i - 2. Let q be v(-4). What is the units digit of l(q)?
3
What is the tens digit of (112/6)/(3/18*2)?
5
Let d(x) = x**3 - 5*x**2 + 5*x + 1. What is the units digit of d(6)?
7
What is the tens digit of (-4 - 608/28)/((-6)/28)?
2
Suppose 5*y - y = 20. Suppose -70 = -0*f - y*f. Suppose 0 = -2*o + 8 + f. What is the units digit of o?
1
Let f = -24 - -28. Suppose -f*l + 19 = -3*l + u, -23 = -2*l + 3*u. What is the units digit of l?
6
Let k(y) = -y**2 + 14*y**3 + 1 - 2*y + 2*y. Let q be k(-1). What is the units digit of 88/14 + 4/q?
6
Suppose 0 = -5*t - 5*f - 15, -16 = -t + 3*f + 1. Let j = 40 + -24. Suppose t*s - 4*s = -j. What is the units digit of s?
8
Suppose 0 = 2*v + 4*b + 16 - 4, -2*v = -b - 13. Suppose -32 = -v*n + 28. What is the tens digit of n?
1
Let i be 15/25 + 24/10. Suppose -7*c + 24 = -i*c. What is the units digit of c?
6
Let m = -1 - 1. Let b(k) = 0*k**3 - 2*k**2 - 2*k**3 - k**2 - 1 - k. What is the units digit of b(m)?
5
Suppose -4*c = -0*c + 12. Let o be (-8)/(-6)*c/(-2). Suppose -3*v - 6 = 0, -4*t + 29 = -t + o*v. What is the units digit of t?
1
Let s be 3/(6/(-4)) + 2. Suppose s*y = 4*y - 16. Let a = y + -3. What is the units digit of a?
1
Suppose -3*v - 3 + 0 = 0. Let i be (v - -2)*-1 + -2. Let u = i + 4. What is the units digit of u?
1
Let s(x) be the third derivative of x**5/60 + x**4/12 - x**3/3 - 5*x**2. What is the units digit of s(2)?
6
Let a be (0 - 1)/(0 - 1). Suppose q - 2*s - a = 0, -7*s + 2*s + 22 = q. Suppose 3*b - q = m, 11 = 3*b - 4*m - m. What is the units digit of b?
2
Suppose -5*u + 6*u = 30. Suppose 0*t - 5*t = -u. What is the units digit of t?
6
Suppose 0 = -g + 2*f + 7 + 4, 2*g - 29 = -3*f. Suppose 0 = -0*w + w - g. What is the tens digit of w?
1
Let s(t) = t**3 + 7*t**2 + 3*t + 3. What is the tens digit of s(-5)?
3
Let m(i) be the second derivative of i**3/2 + 5*i**2 + 5*i. What is the tens digit of m(5)?
2
Let o = -70 - -116. What is the tens digit of o?
4
What is the tens digit of (202/10)/((-1)/(-5))?
0
Let z(g) be the second derivative of -g**3/3 + 3*g**2 - g. What is the tens digit of z(-10)?
2
Let d(y) = -y**3 + 8*y**2 - 8*y + 10. Let k be d(7). Suppose -k = h - 7. Let n(b) = -b**2 + 5*b - 3. What is the units digit of n(h)?
1
Suppose -1806 + 466 = -5*p. What is the tens digit of p?
6
Suppose -l + 2*l + j = -10, j = -3*l - 40. Let b be 1/((-4)/6)*-16. Let x = l + b. What is the units digit of x?
9
Let y(l) = 0*l**2 + 6 - l**3 - 3 + 3*l + 3*l**2 - 5. What is the units digit of y(3)?
7
Let v = -5 - -5. Suppose 2*n + 6 = 3*j - j, 5*n + 5*j - 35 = v. Suppose -4*p + 2*x + 23 = x, 0 = -n*p - 5*x - 5. What is the units digit of p?
5
Let k(n) be the first derivative of n**5/120 - n**4/8 + 2*n**3/3 + 1. Let w(x) be the third derivative of k(x). What is the units digit of w(4)?
1
Suppose 71 + 258 = 7*j. What is the tens digit of j?
4
Let q(o) = -2 + o + o**2 + 0*o**2 + o**2. What is the units digit of q(-2)?
4
Let t(k) = k + 5. Let c be t(0). Suppose 18 = 5*m + 3*p + 4, -m = c*p + 6. What is the units digit of m?
4
Let g = -24 - -45. What is the units digit of g?
1
Suppose -d = c - 10 + 3, 4*d = c + 18. What is the tens digit of 51 - (1 + c + -2)?
5
Let k(n) = n**3 - 9*n**2 + 9*n - 10. Let j be k(8). Let f be (-3 - -3)/(2/j). Suppose -3*b - m + 26 = -0*m, -2*b + 5*m + 23 = f. What is the units digit of b?
9
Let j(p) = -p**3 - 2*p**2 + 5*p + 4. Suppose 0 = -v - 0*v + 2*s + 7, 0 = 4*v + 5*s + 37. Let r be j(v). What is the units digit of (1/r)/((-1)/10)?
5
Suppose -95 = -3*g - 14. What is the units digit of g?
7
Suppose 2*j - j - 4*d = 4, -4*d = -4*j + 4. Suppose k - 5*z + 10 + j = 0, -2*k + 13 = z. What is the units digit of k?
5
Suppose 5*y = -5, 4*m + 14*y - 11*y - 577 = 0. What is the units digit of m?
5
Let l = -10 - -15. Suppose 0 = -6*i + l + 7. What is the units digit of i?
2
Suppose -5*a = 6 - 21. Suppose -a*z - 3*x + 38 = 14, 18 = 3*z - 3*x. Suppose z = 2*i + h - 4, 5*i + 3*h - 26 = 0. What is the units digit of i?
7
Let g(c) = -3*c**3 + c**2 - 11*c - 4. What is the units digit of g(-3)?
9
Let q be (-2)/9 - (-119)/9. Suppose -q = -3*v + 2*v. What is the tens digit of v?
1
What is the units digit of ((-100)/60)/(1/(-21))?
5
Suppose -4*t + 2*a + 16 + 68 = 0, 3*a - 94 = -5*t. Let v = 5 - 1. Suppose 0 = -2*i - v*d + t, -5*i = 4*d - 32 - 0. What is the units digit of i?
4
Let z(g) = -5*g**3 - 12*g**2 - 6*g + 4. Let i(s) = -9*s**3 - 23*s**2 - 12*s + 9. Let x(j) = 4*i(j) - 7*z(j). What is the units digit of x(-7)?
1
Suppose -x + 10 = x. Suppose 3*y = -k - 0*k + 13, x*k - 5 = 0. Suppose 0 = -2*h - w + 15, h + 6*w - y*w - 9 = 0. What is the units digit of h?
7
Let n(s) = s**3 + 6*s**2 + s + 8. Let z be n(-6). Suppose -2*j = z*l + 56, 5*l + 10 = -0*l. What is the tens digit of ((-15)/(-10))/((-3)/j)?
1
Let q be (0 - -3) + (-42)/(-2). Suppose 0*m + 3*m = q. What is the units digit of m?
8
Suppose 5*a = 3*a + 106. What is the units digit of a?
3
Let x be ((-90)/12)/((-2)/4). Let n = -9 + x. What is the units digit of n?
6
Suppose -2*l + 10 = 0, 0 = 2*r - 5*l - 6 + 5. Let z = r + 3. What is the tens digit of z?
1
Suppose -13 = -3*o - 4. What is the units digit of o?
3
Suppose -3*i = -8*i + 90. Suppose 10 = -s - 3*v, 2*v + v = 4*s - 35. What is the units digit of (i/s + -2)*5?
8
Let h(t) = t**2 + 7*t - 4. What is the units digit of h(-8)?
4
Let f(p) = p**2 - p + 14. What is the units digit of f(-14)?
4
Let o(f) = -f**2 + 6*f + 29. Let x be 